27. Suppose -2*p + h = 4*k + p, p = y. List the prime factors of k.
2
Let i = 200 + -117. What are the prime factors of i?
83
Let n = -107 + 73. Let r = -22 - n. What are the prime factors of r?
2, 3
Suppose 0 = 152*l - 153*l + 63. List the prime factors of l.
3, 7
Let u(w) = -w**3 - 6*w**2 - 6*w - 2. Let v be u(-5). Suppose 0 = -5*q - 5*m + 5, -2*m = -v*q - 5 + 33. What are the prime factors of ((-25)/(-15))/(2/q)?
5
Let x be (-180 - 0)*56/(-70). Suppose -5*u + 2*h + h = -180, 4*u + 4*h = x. List the prime factors of u.
2, 3
Suppose -4*f + f - 9 = 0. Let c = f - -8. Suppose 4*l + 4*v = 12, v = -c*l - 1 + 12. What are the prime factors of l?
2
Let b(o) = 7*o**2 + 9*o**2 - 2*o - 3*o**2 + 3. What are the prime factors of b(2)?
3, 17
Suppose 0*v - 5*v - 10 = 0. Let m be (8/(-1))/(v/1). Suppose -17 + 77 = m*n. What are the prime factors of n?
3, 5
Suppose 55 = 4*t + 15. List the prime factors of t.
2, 5
Suppose b = 3*u + 28, -u = 3*b - 5*b + 66. List the prime factors of b.
2, 17
Let d(k) = 2*k**2 + 10*k + 14. Let s(c) = -3*c**2 - 15*c - 21. Let j(g) = -7*d(g) - 5*s(g). What are the prime factors of j(-5)?
7
What are the prime factors of (-830)/(-14) - 2/7?
59
Let q(n) be the first derivative of n**3/3 - n**2 + 4*n - 4. What are the prime factors of q(2)?
2
Let t = 12 + -8. Suppose -t*h + 31 = 7. What are the prime factors of (-9)/(h/2) + 15?
2, 3
Let o(w) = w**2 - 8*w + 4. Let k be o(4). What are the prime factors of k/(-54) - (-205)/9?
23
Let z(r) = -2*r + 6. Let m be z(3). Suppose 0*p = -3*p + 48. Suppose m = o - 4, 3*b + o - 3 = p. What are the prime factors of b?
5
Suppose a = 2*h + 39, 0*a + 2*h = -a + 27. What are the prime factors of a?
3, 11
Let o = -28 - -20. Let g(l) = l**2 + 6*l - 7. List the prime factors of g(o).
3
Suppose -4*v - s + 285 = -659, s - 1180 = -5*v. What are the prime factors of v?
2, 59
Let h(t) = -5*t + 26. What are the prime factors of h(-22)?
2, 17
Let g(j) = -j**2 + j - 1. Let k(d) = 6*d - 3. Let c(v) = -g(v) - k(v). Let l be c(8). Let y = l - -4. What are the prime factors of y?
2
Suppose -2*o + 5*o = 945. Suppose -3*c + 10*c = o. List the prime factors of c.
3, 5
Let g(o) = o**3 - 8*o**2 + 7*o - 5. Let p = 19 + -11. List the prime factors of g(p).
3, 17
Suppose -216 = -9*i + 4*i + 3*z, 5*i + 3*z - 204 = 0. Suppose 3*a + 2*o - i = a, -105 = -5*a + 2*o. What are the prime factors of a?
3, 7
What are the prime factors of 22/77 - (-920)/14?
2, 3, 11
Let h(w) = -5*w**2 - 7*w - 1. Let k(o) = 6*o**2 + 8*o + 1. Let a(n) = -5*h(n) - 4*k(n). What are the prime factors of a(-5)?
11
Suppose -7*s + 5 = -9. What are the prime factors of s?
2
Let g = 5 - 0. Let j(s) = 5 + 0 - 4 + s**2 - 3*s. List the prime factors of j(g).
11
Suppose p = 3*p. Suppose 3*f + 2 = 2*g, -3*f + 6*f + 2*g - 2 = p. Suppose 5*q + 3*r - 22 = f, -2*q = -4*r + 6 - 20. List the prime factors of q.
5
Let y(h) = -h**3 + 5*h**2 + 5*h - 4. Let v = -14 - -18. What are the prime factors of y(v)?
2
Let n = -8 - -12. Let q = n - -2. What are the prime factors of q?
2, 3
Let m be (5/(-2))/(3/(-6)). Suppose -5*t = -25, -35 = -m*c + t - 2*t. Let d = 8 - c. What are the prime factors of d?
2
Let o(y) = 2*y**2 - 6 + 1 + 0 + 11. What are the prime factors of o(3)?
2, 3
Suppose 11 = n + 5*q, 0 = 5*n + q - 3*q - 1. What are the prime factors of (n + -2)*65/(-5)?
13
Suppose -5*d - 4*b = -648, 3*d + 3*b - 519 = -d. List the prime factors of d.
2, 3, 11
Suppose -2*x - 6 = -4, 0 = g - 3*x - 4. Let w(d) = 10*d**2 + d. Let j be w(g). Let y = j + -8. What are the prime factors of y?
3
Let g be (32/(-12))/((-4)/6). Suppose 0 = g*l - 24 - 24. What are the prime factors of l?
2, 3
Suppose -18 = -5*r - 3*x - 1, -5*r + 18 = 2*x. Suppose -4*m + 2*t = -5*m + 3, t + 39 = r*m. What are the prime factors of m?
3
Suppose -4*j = 3*q - 7, -4*q = -4*j - 0*j + 28. Let k(r) = -r + 6. List the prime factors of k(j).
2
Suppose 6*r - r + 2*b = -15, r - 4 = b. Suppose 2*x + 1 = 2*u + 5, u - 4*x = -17. Let v = u - r. List the prime factors of v.
2
What are the prime factors of (-16)/6*(-126)/24?
2, 7
Suppose 0 = -3*c - 3*g - 36, -5*c - 4*g - 39 = 16. Let k(h) = -2*h - 4. What are the prime factors of k(c)?
2, 5
Suppose -3*b = 20 - 233. What are the prime factors of b?
71
List the prime factors of (24/(-14))/((-5)/105).
2, 3
Suppose 3*w - 17 + 8 = 0. Suppose -w*u = -22 - 32. List the prime factors of u.
2, 3
Let k(f) = -f**3 + 9*f**2 - 8*f + 5. Let b be k(7). Let n = 71 - b. List the prime factors of n.
2, 3
Suppose -l = -55 - 0. Let m = l - 30. What are the prime factors of m?
5
Let j = 1 + 1. Let b(l) = 6*l**3 - 3*l**2 + 1. What are the prime factors of b(j)?
37
Let n be ((-1)/3)/(9/(-783)). Suppose -n - 2 = -b. What are the prime factors of b?
31
Suppose m = -3*m - 3*t + 413, 0 = 2*m + t - 209. What are the prime factors of m?
107
Suppose 6*a - 5*a = 2*d + 17, -4*d + 15 = 5*a. List the prime factors of a.
7
Let m = -44 - -51. List the prime factors of m.
7
Let o = -171 + 301. What are the prime factors of o?
2, 5, 13
Suppose 0*f - 6 = 3*f. Let k be -10*-1*f/(-4). What are the prime factors of 0 + 1 + k + 3?
3
Suppose -766 = -8*o - 62. What are the prime factors of o?
2, 11
Let d = -87 - -178. List the prime factors of d.
7, 13
Let m = 8 - 13. What are the prime factors of (-25)/m - (2 - 4)?
7
Let j = 5 - 1. Suppose -3*z - 3*h + 8 = -j*h, 4*h - 19 = -5*z. What are the prime factors of (z/(-6))/((-1)/12)?
2, 3
Let i(s) = s**3 - 6*s**2 - 2*s - 1. Let d be i(6). Suppose 0 = 3*w - 33 - 33. Let t = d + w. What are the prime factors of t?
3
Let v(n) = 18*n**2 + 2*n + 1. Let h be v(-1). Let t = h + -12. Suppose 3 + 12 = t*q. What are the prime factors of q?
3
Suppose 3*r - 108 = r + 3*p, -p = -5*r + 244. List the prime factors of r.
2, 3
Let f(w) = 17*w**2 - 2*w - 3. List the prime factors of f(-1).
2
Suppose 4*t = -t + 4*o - 13, -2 = -o. Let l = t + 6. Suppose 4 = l*y - 3*y + 2*g, 12 = -4*g. What are the prime factors of y?
5
Suppose -5*t = 4*k - 12 + 3, 4*t - 2*k - 2 = 0. What are the prime factors of ((-3)/9)/(t/(-84))?
2, 7
Let v be ((-13)/(-3) - -1)*3. Suppose -4*c = -16 - v. Let b = c - 5. What are the prime factors of b?
3
Let l(v) be the second derivative of v**5/20 - v**4/6 + v**3/6 + v**2/2 - 3*v. What are the prime factors of l(3)?
13
Let v be (-2)/5 - 12/(-30). Suppose -d - 3*d + 72 = v. What are the prime factors of d?
2, 3
Let h(a) = -a**3 + 5*a**2 - 4*a. Let g be h(3). List the prime factors of g/15 + (-28)/(-5).
2, 3
Let t(h) = h**3 + 7*h**2 + 8*h + 7. What are the prime factors of t(-5)?
17
Let o(a) be the second derivative of -a**5/20 - a**4/4 - a**3/3 - a**2 - 3*a. List the prime factors of o(-3).
2
Let z(g) = 4*g**2 + 3*g. Let k = -14 - -12. What are the prime factors of z(k)?
2, 5
Suppose -2*s = 2*s + 4. Let q be 6 + s - -2 - 2. Let l(h) = h - 2. List the prime factors of l(q).
3
Let p = 674 - 443. List the prime factors of p.
3, 7, 11
Suppose l + 12 = 4*l. Suppose -2*b = -o - 3 - 1, -l*o - 16 = -4*b. Suppose -3*a + b = 2*z - 7, -3*a - 4*z - 1 = 0. List the prime factors of a.
5
Let l(z) = 0 - 14 + 21 - 4*z. What are the prime factors of l(-8)?
3, 13
Let x = -40 - -28. Let b = 7 - x. List the prime factors of b.
19
Suppose 0*u - 12 = 4*u. Let b be (1 + (-14)/(-3))*u. Let d = -4 - b. What are the prime factors of d?
13
Let z = -6 + 15. List the prime factors of z.
3
Let o(g) = g - 8. Let h be o(8). Suppose -4*d + h*d = -32. List the prime factors of d.
2
Suppose -2*a + 144 = 14. What are the prime factors of a?
5, 13
Let t be (3/9)/(1/3). Let s be (0 - (t - 2)) + -3. List the prime factors of -3*5/(-3) + s.
3
Let v = -126 - -298. What are the prime factors of v?
2, 43
Suppose 0 = -i + 5 - 0, -x - 2 = -2*i. Suppose -2*r + 5*s + 104 = 0, -s = s + x. Suppose a = 3*m - r, 0*m + 17 = 2*m + 3*a. What are the prime factors of m?
13
Let x be (62/(-3))/((-2)/(-3)). Let l = 78 + x. Let c = l + -34. What are the prime factors of c?
13
Suppose -5*u + l + 64 = 2*l, -5*l + 47 = 4*u. Suppose 5*z + 4*j - u = 74, 2*z = j + 40. List the prime factors of z.
19
Suppose 6*s - s = 0. Suppose 5*v + 1 = -2*t + 6, v + 3 = s. List the prime factors of 1*(t - -2) - 1.
11
Let y(o) be the third derivative of -o**6/60 + 11*o**5/60 - o**4/8 + 7*o**2. What are the prime factors of y(5)?
2, 5
Suppose -4*i - 3*r = 1